f 450 and 8046.
18
Calculate the highest common factor of 897 and 340041.
39
Calculate the highest common divisor of 4656 and 48192.
48
Calculate the highest common divisor of 26838 and 2286.
18
Calculate the greatest common factor of 1458 and 12798.
162
What is the greatest common divisor of 36 and 243657?
9
Calculate the greatest common divisor of 2320 and 16704.
464
Calculate the highest common divisor of 6 and 147558.
6
Calculate the greatest common factor of 43803 and 93.
93
Calculate the greatest common divisor of 17271 and 456722.
1919
What is the greatest common divisor of 11800 and 112690?
590
What is the highest common divisor of 111602 and 82?
82
Calculate the greatest common factor of 1876 and 13435912.
1876
Calculate the highest common divisor of 4650 and 4800.
150
Calculate the highest common factor of 69887 and 272.
17
What is the highest common divisor of 274288 and 948?
316
What is the greatest common factor of 83658 and 18?
6
Calculate the greatest common divisor of 258 and 2759611.
43
Calculate the greatest common divisor of 66312 and 45129.
921
Calculate the highest common divisor of 233788 and 3324.
1108
What is the highest common divisor of 34087 and 30257?
383
Calculate the highest common factor of 1672 and 396.
44
What is the greatest common factor of 1577 and 2?
1
What is the greatest common factor of 2034 and 121932?
18
What is the highest common factor of 16549236 and 99?
99
What is the greatest common factor of 107606 and 346?
346
What is the greatest common factor of 345497 and 188?
47
Calculate the greatest common factor of 573850 and 20.
10
What is the greatest common factor of 63 and 271740?
21
What is the greatest common divisor of 173000 and 13148?
692
Calculate the highest common factor of 1924 and 296.
148
Calculate the highest common divisor of 234546 and 873.
291
What is the greatest common factor of 301 and 38571?
43
What is the highest common divisor of 1127 and 117369?
161
Calculate the highest common divisor of 4806 and 54.
54
Calculate the greatest common factor of 264 and 652278.
66
Calculate the highest common factor of 5960 and 620.
20
What is the greatest common factor of 136616 and 4?
4
Calculate the greatest common factor of 15648 and 13203.
489
Calculate the greatest common divisor of 47492 and 15500.
124
Calculate the greatest common divisor of 26464 and 256.
32
Calculate the highest common divisor of 8277 and 2403.
267
Calculate the greatest common divisor of 74867 and 16224.
169
Calculate the highest common divisor of 139711 and 11.
11
Calculate the greatest common divisor of 9394 and 616.
154
What is the greatest common factor of 52083 and 216?
27
Calculate the greatest common divisor of 642659 and 337.
337
What is the highest common divisor of 192652 and 52?
4
What is the greatest common divisor of 8471 and 4137?
197
What is the highest common divisor of 36703 and 2023?
289
What is the greatest common divisor of 814656 and 144?
48
Calculate the greatest common divisor of 1206 and 11574.
18
What is the greatest common factor of 6182 and 88?
22
What is the greatest common factor of 4512 and 20586?
282
Calculate the highest common factor of 11792 and 112.
16
What is the greatest common divisor of 181737 and 530?
53
What is the greatest common divisor of 1049590 and 40?
10
Calculate the greatest common factor of 3402 and 102.
6
What is the highest common divisor of 6 and 4971?
3
What is the highest common factor of 4408 and 9976?
232
What is the highest common factor of 21063416 and 88?
88
Calculate the highest common factor of 586 and 982429.
293
What is the highest common factor of 6576 and 768?
48
What is the highest common factor of 216 and 9648?
72
What is the greatest common divisor of 231 and 8022?
21
What is the highest common factor of 8314575 and 59?
59
Calculate the highest common factor of 278 and 952150.
278
Calculate the greatest common factor of 625 and 10375.
125
What is the highest common divisor of 1020 and 1221195?
255
Calculate the highest common factor of 5868 and 2119.
163
What is the highest common factor of 15216 and 504?
24
What is the highest common factor of 144 and 241848?
72
What is the greatest common divisor of 528 and 18843?
33
Calculate the greatest common divisor of 276 and 648.
12
Calculate the highest common divisor of 240 and 4860.
60
What is the highest common factor of 282916 and 12?
4
What is the greatest common factor of 29676 and 105?
3
What is the highest common factor of 56161 and 5964?
497
Calculate the greatest common factor of 61150 and 300.
50
Calculate the greatest common factor of 6262135 and 6765.
2255
Calculate the highest common divisor of 276 and 1146642.
138
Calculate the highest common divisor of 50924 and 58.
58
What is the highest common factor of 665125 and 313?
313
What is the greatest common factor of 3 and 30183?
3
Calculate the highest common divisor of 950 and 91550.
50
What is the greatest common divisor of 974884 and 6777?
251
Calculate the greatest common divisor of 1152 and 7056.
144
What is the greatest common divisor of 936 and 47268?
468
Calculate the highest common factor of 245 and 12691.
49
Calculate the highest common divisor of 85512 and 672.
168
Calculate the greatest common divisor of 11154 and 117975.
429
Calculate the highest common factor of 62917 and 136.
17
Calculate the highest common factor of 9 and 50013.
9
What is the greatest common divisor of 50625 and 108?
27
What is the highest common factor of 94 and 335486?
94
What is the highest common factor of 1465 and 1075?
5
Calculate the highest common factor of 164338 and 56289.
647
What is the greatest common divisor of 113533 and 1029?
343
Calculate the highest common divisor of 1344 and 285888.
192
Calculate the greatest common factor of 12573 and 693.
99
What is the highest common divisor of 17358 and 3126?
6
What is the highest common divisor of 25 and 5245?
5
Calculate the greatest common divisor of 234 and 3798.
18
What is the greatest common factor of 630 and 7248990?
210
What is the greatest common divisor of 1149 and 1018014?
1149
Calculate the greatest common divisor of 531 and 14809.
59
Calculate the greatest common divisor of 43833 and 57.
57
What is the greatest common factor of 420 and 39270?
210
Calculate the highest common factor of 40 and 245420.
20
What is the highest common divisor of 14345 and 604?
151
What is the greatest common factor of 49815 and 820?
205
Calculate the greatest common factor of 45936 and 2112.
528
What is the greatest common factor of 495 and 958725?
45
What is the greatest common factor of 340824 and 352?
88
What is the highest common divisor of 3909152 and 1248?
416
What is the highest common divisor of 26353 and 29857?
73
What is the highest common factor of 1860 and 11004?
12
What is the greatest common divisor of 38899 and 21?
7
What is the highest common factor of 3798 and 144?
18
Calculate the highest common divisor of 183315 and 847.
121
Calculate the greatest common factor of 89 and 60431.
89
Calculate the highest common factor of 935 and 15730.
55
What is the highest common factor of 6281 and 506?
11
What is the highest common divisor of 24 and 40188?
12
What is the highest common factor of 14 and 356874?
14
Calculate the greatest common factor of 25875 and 3312.
207
What is the greatest common divisor of 14959 and 126?
7
What is the highest common factor of 446592 and 1120?
32
What is the highest common divisor of 18614 and 41?
41
What is the greatest common factor of 1 and 273719?
1
What is the greatest common divisor of 17895 and 6?
3
Calculate the greatest common divisor of 554 and 717707.
277
What is the highest common factor of 5992 and 627662?
1498
Calculate the greatest common divisor of 849657 and 5751.
213
What is the greatest common factor of 39127 and 22?
11
What is the highest common divisor of 307105 and 85?
85
Calculate the highest common factor of 84 and 141428.
28
What is the greatest common divisor of 335260 and 70?
10
What is the greatest common factor of 7638694 and 14?
14
What is the highest common divisor of 255 and 8503995?
255
What is the greatest common factor of 1566 and 192879?
261
What is the greatest common factor of 37931 and 44329?
457
What is the highest common factor of 6158